(p)?
15
Let n(o) = 12*o + 2*o**2 - 4*o + o**3 + 7*o**2. Suppose -z = 4*v - 5*v - 2, -5*v - 34 = -z. Determine n(v).
0
Let n(a) = 2*a**2 - 12*a - 9. Let z(v) = 3*v**2 - 12*v - 11. Let d(g) = 5*n(g) - 4*z(g). What is d(-6)?
-1
Let i(b) be the first derivative of b**3/3 - 5*b**2 - 22*b - 279. Give i(12).
2
Let u be (-15)/(135/18)*6. Let l(w) = w**3 + 11*w**2 - 12*w - 13. Give l(u).
-13
Let g(k) = -5*k**3 + 9*k**2 - 4. Let c(f) = -4*f**3 + 8*f**2 - 4. Let j(q) = 6*c(q) - 5*g(q). Let b = 68 + -64. Suppose 2*y + b = -2. Give j(y).
-4
Let m(g) = 3*g + g**2 + 0*g**2 + 0*g + 6*g + 4 - 6*g. Determine m(-3).
4
Suppose -64 = -5*c + i - 7, 5*c = 5*i + 45. Suppose -3*t + c = 5*l, -t - 4*l + 1 = 4. Let p(x) = -x**3 + 9*x**2 - x + 3. What is p(t)?
-6
Let z(f) = 1 + 3*f + 0*f + 0*f. Let x = -7990 + 7987. Calculate z(x).
-8
Let h = 3 + 0. Let d(p) = 3*p**2 + 0*p**3 - 4*p**3 + 3*p**3 + 0*p**3 - p**2 + 1. What is d(h)?
-8
Let f(u) = -18*u - 16*u**2 + 15*u**2 + 16*u + 2. Calculate f(-2).
2
Let c(p) = p**3 + 2*p**2 + 2*p - 2. Suppose 2*d - 18 = 4*o, o + 2*o + 4*d - 14 = 0. Determine c(o).
-6
Let p(w) be the third derivative of w**6/120 - 4*w**5/15 + 7*w**4/12 + 4*w**3/3 + 134*w**2. Give p(15).
-7
Let n(l) = -l - 2. Let y(s) = 89 - 87 + 2*s**3 - s - 4*s**2 - s**3. Let u be y(4). Calculate n(u).
0
Let k(w) = w**2 - 43*w - 40. Let c be k(44). Let a(h) = -4*h - 7. Let x(v) = v + 1. Let l(p) = -a(p) - 5*x(p). What is l(c)?
-2
Let s(t) be the third derivative of 0*t - 1/120*t**6 - 15*t**2 + 0 - 1/24*t**4 - 4/3*t**3 - 1/60*t**5. Determine s(0).
-8
Let n(p) be the second derivative of 19*p**4/12 - p**3/3 - p**2/2 - 68*p - 1. What is n(-1)?
20
Let d(c) be the third derivative of -c**8/20160 + c**7/1008 + c**6/240 + 29*c**5/60 + 18*c**2. Let m(f) be the third derivative of d(f). Calculate m(6).
-3
Let w(h) = 50*h**2 + 1 + 4*h + 57*h**2 - 92*h**2 - 2*h + h**3 + 18. Calculate w(-15).
-11
Let z(g) be the second derivative of -9/2*g**2 + 4*g + 1/3*g**3 + 0. Suppose -3 - 1 = h - 2*n, -11 = -h - n. Give z(h).
3
Let k(v) be the third derivative of v**7/840 - v**6/360 - v**5/120 + v**4/3 - 7*v**3/3 + 9*v**2. Let f(x) be the first derivative of k(x). Give f(0).
8
Let a(m) be the third derivative of -m**4/12 + 11*m**3/6 - 920*m**2. Calculate a(-10).
31
Let w(h) = -3*h + 7. Let g(z) be the first derivative of -z**4/4 - 2*z**3/3 - z**2 + 2*z + 4. Let s be g(-2). Give w(s).
-11
Let d(x) = 96*x**2 - 1 + 5 + 2*x - 97*x**2. Let a(j) = -j**2 + 2*j + 3. Let t(c) = -4*a(c) + 3*d(c). Give t(1).
-1
Let w(t) = t**2 - 3*t - 1. Let a be (-1 - -8) + 2 + 0. Suppose 0*f = 2*b + f + a, 5*b = 5*f - 45. Let q = b + 9. Calculate w(q).
-1
Let z(q) = -57*q**2 + 7*q + 7. Let s(j) = 19*j**2 - 2*j - 2. Let b(t) = -7*s(t) - 2*z(t). Suppose -2*w + 3*l = w - 6, -2*l = 6. Calculate b(w).
-19
Let t(k) = -67 - 2*k - 76 - 76 + 313 - 79. Determine t(8).
-1
Suppose 6*h = h, 5*c = h + 50. Let x = -6 + c. Let j(g) = -g**3 - g + 1. Let v(y) = -2*y**3 + 4*y**2 - y + 3. Let a(t) = j(t) - v(t). Give a(x).
-2
Suppose -2*f - 2*f - v = -24, 0 = 4*f + 4*v - 24. Suppose -9 + 21 = f*h. Let i(r) = 4*r**2 - 4*r + 2. Give i(h).
10
Let h(q) = 2*q + 0*q - 6*q + 2 - q. Let j(y) = -14*y + 6. Let o(t) = 11*h(t) - 4*j(t). Suppose 2*s + 5*l = 24, 0 = -s + 2*l - 0*l - 6. Calculate o(s).
0
Let h be (-100)/(-125)*3/6*-25. Let l(c) = 4*c - 7. What is l(h)?
-47
Let t(o) = 9 + 13*o**2 - 8 + 15*o**2 - 7*o + o - 27*o**2. Suppose 5*d + 1 = 2*z - 4, 4 = 4*d. Suppose z*l - 20 = -0*l. What is t(l)?
-7
Let a(s) = -13*s**2 + 39*s - 6. Let l(b) = b**2 + 22*b - 28. Let w be l(-23). Let z(k) = 8*k**2 - 26*k + 4. Let r(x) = w*a(x) - 8*z(x). Calculate r(-13).
-2
Suppose -25 = 25*x - 20*x. Let w(p) = -p**3 + p**2 - p + 1. Let i(t) = -4*t**3 - 2*t**2 - 5*t + 1. Let l(v) = -i(v) + 3*w(v). Calculate l(x).
-8
Let l(y) be the second derivative of -y**3/6 - y**2 + 4*y. Let p be l(-21). Let u(r) = -1 + 0 + 18*r - p*r. Give u(0).
-1
Suppose -25 = -5*o + 4*z + 3, -z - 6 = -o. Suppose 4*m = y - 29, m + 4*y = 2*m - o. Let g(n) = -n - 9. Calculate g(m).
-1
Let p(c) = -5*c**2 - 3*c - 34. Let s(l) = 6*l**2 + 3*l + 44. Let w(z) = 5*p(z) + 4*s(z). Suppose b = -2*b - 18. What is w(b)?
-12
Let x(n) be the first derivative of -n**4/4 - n**3 - 2*n**2 - 2*n + 1031. Let i = 2 - 1. Let w(r) = -3*r**3 - r + 1. Let p be w(i). Determine x(p).
10
Let b(i) be the first derivative of -16*i + 3 - 1/2*i**2. Let v be b(-10). Let n(d) = d**3 + 6*d**2 - d - 8. Give n(v).
-2
Let f(a) = -a**3 + 0*a - 3*a + 3 + 5*a**2 + 0 - 2. Give f(4).
5
Let m(f) = f**2 - 5*f + 1. Let o(r) = -r**2 - r. Let a(p) = m(p) - 6*o(p). Let s be (-45)/35 + (-2)/(-7). Determine a(s).
7
Let g be ((-138)/54 - -3)/((-2)/(-9)). Let y(u) be the third derivative of 0 + 8*u**g + 0*u**3 + 0*u - 1/4*u**4. Give y(1).
-6
Let x(t) = -5*t**2. Let z(r) = -14*r**2 - 8*r - 3. Let p(i) = 9*i**2 + 5*i + 2. Let d(s) = 8*p(s) + 5*z(s). Let j be d(0). Calculate x(j).
-5
Let s(x) = x**2 + 5*x - 1. Suppose 5*b = -2*f - 99, -f - b + 5*b = 69. Let p = f - -52. Give s(p).
-1
Let k(x) = 3*x - 2. Let c be (((-144)/(-40))/(-6))/((-2)/10). What is k(c)?
7
Let a(v) be the third derivative of -v**7/2520 - v**6/90 - 3*v**5/40 + v**4/6 + 15*v**2. Let l(w) be the second derivative of a(w). Calculate l(-7).
-2
Let q(b) = -5*b + 2. Let a(f) = -f**2 + f - 2. Let z(u) = -a(u) + 2*q(u). Calculate z(10).
-4
Let t(f) = -f**3 + 6*f**2 + 2. Let d be t(6). Suppose 1585 + 11 = 4*k. Let c(y) = -k + y - 3*y + 399. Give c(d).
-4
Let m = 129 + -77. Suppose -2*j + 2*b + 28 = 3*b, 4*j + b - m = 0. Suppose 33 = -3*s + j. Let q(d) = -d**2 - 9*d - 5. Give q(s).
9
Suppose 4 + 2 = 3*t + j, -4*j + 8 = 4*t. Let b(p) = 4*p**2 - 5*p + 1. What is b(t)?
7
Let v(u) = -8*u - 19. Let z(c) = 15*c + 38. Let w(n) = 7*v(n) + 4*z(n). Let i be w(-7). Let s(d) = d - 2. What is s(i)?
-11
Let t(j) = 2*j**2 - 16*j + 34. Let n be t(10). Let c(a) = n - 74 - 2*a. Give c(-3).
6
Let f(y) = 2*y - 6. Let x be f(6). Let n(a) = -9 + x*a + 11 - a**2 - 8. Give n(6).
-6
Let a(k) = k**3 + 10*k**2 - 3*k - 7. Let u be (-60)/36*(-2 - -8). Give a(u).
23
Let w(j) = 0*j - 1 + 5*j - j**2 - 3. Let q = 229 - 223. Give w(q).
-10
Let n = -45 + 32. Let x(f) = -f**2 - 12*f + 19. Let s be x(n). Let w(m) = -m + m**3 + 0*m**2 - 2*m - 2*m**2 + s*m**2. Determine w(-4).
12
Let d(q) = -q**2 - 8*q + 12. Let c be d(-10). Let z(x) be the first derivative of x**3/3 + 7*x**2/2 - 10*x + 6. Calculate z(c).
-2
Suppose -16 = 2*b - 64. Suppose -2*s - 2*s = -b. Let r(u) = 0*u + 2*u**2 - 3*u**2 - s*u - 3. What is r(-2)?
5
Let f(v) be the third derivative of -v**4/6 - 2*v**3/3 - 254*v**2. Calculate f(-2).
4
Let n(y) = -y**3 - 4*y**2 - 4*y - 1. Let h(g) = -g - 3. Let v be h(0). Let z be n(v). Let c(x) = z*x**2 - 2*x + 6*x + 0 + 1 - 4. Calculate c(-4).
13
Let y(b) be the second derivative of 3*b**5/20 - b**4/12 - b**3/6 - 47*b. Calculate y(-1).
-3
Let w(k) = k**2 + 7*k + 7. Let c(y) = -4*y**3 - 2*y**2 + 1. Let l = 47 - 22. Let g = 26 - l. Let f be c(g). Give w(f).
-3
Suppose -4*c = -q - 13, -2*c + 2*q = -c - 12. Let s(p) = -p**c + 1 - 5*p + 0*p + 4*p. Give s(-3).
-5
Suppose -3*d + 0*d + 8 = 5*h, 5*h + 28 = 3*d. Let s(t) be the third derivative of -t**5/60 + t**4/4 + 23*t**2. Calculate s(d).
0
Let h(o) be the first derivative of 2*o**3/3 + 21*o**2/2 + 8*o + 381. Determine h(-10).
-2
Let b(z) = -z**3 + 4*z + 3. Let x be b(-2). Let r(w) be the first derivative of -2*w**3/3 + 2*w + 170. What is r(x)?
-16
Let l(y) = -y**2 - 2*y - 2. Let x(g) = -2*g - 5. Let t be x(-6). Suppose n + 3 = t. Suppose -15 = n*b + b. Determine l(b).
-5
Let m be ((-594)/(-30))/(-9) + 3/15. Let j(b) = 2*b**3 + 2*b + 1. What is j(m)?
-19
Let g(i) = -2*i**2 - 3*i + 5. Let t be 28/(-21) - (-2)/6 - 2. What is g(t)?
-4
Let a(y) be the first derivative of -y**4/2 + 4*y**3/3 + 5*y**2/2 + 789. Calculate a(4).
-44
Let f(x) = -x**2 - x - 1. Let a(h) = -18*h**2 - 7*h - 7. Let d(j) = -a(j) + 3*f(j). Let z(p) = 29*p**2 + 7*p + 7. Let l(v) = -5*d(v) + 3*z(v). Give l(-1).
12
Let w(s) = 5 + 13 + 12*s + 11 - 31. Calculate w(-2).
-26
Let q(i) = -2*i - 1. Let c be q(-7). Let s be c/2 - 12/24. Suppose -5*o = -s*o + 2. Let n(u) = -2*u**3 + 4*u**2 - 3*u. Give n(o).
-6
Suppose r = 2*i - 1, -4*r - i + 0 = -14. Let j(w) = -5*w - 20. Suppose -7*p + 5*p = -16. Let g(z) = 2*z + 7. Let b(y) = p*g